ivative of d**3/6 - 4*d**2 - 7*d. Let c be a(11). Suppose c*s - 2*f = s + 520, -3*s + f = -786. Is s composite?
False
Suppose 10 = -2*o - 2*c, 2*c + 5 = -3*o - 8. Suppose -18 = -v - 4*f, -333*f + 334*f = -v. Is (-1138)/o + 2/v a prime number?
True
Let a = 16 + 44. Let t = a - 51. Is ((-3118)/(-4))/((t/(-2))/(-9)) a prime number?
True
Let k = -17 - -65. Let u = k + -44. Suppose 3*b - 97 = -v, 5*b - u*v = -0*v + 190. Is b prime?
False
Suppose c = -4*f + 3*c - 320, 5*f + 397 = c. Let t = f - -105. Suppose 34*g - t*g = 3736. Is g a prime number?
True
Suppose 147378627 + 70477714 = 517*j + 40413152. Is j a prime number?
False
Let v(o) = 25640*o**2 + 74*o + 43. Is v(9) a composite number?
False
Is -65735*(-4 - (-57)/15) prime?
True
Let i = -540492 - -977525. Is i a prime number?
True
Is ((-3073959)/(-12) - 16) + (-9)/4 + 2 prime?
True
Is 694*8 + (-297)/(-27) a composite number?
False
Let c(u) = 3271*u - 11. Let v be c(-3). Is v/(-6) - 12/36 a prime number?
True
Suppose -d + 5*w + 37317 = 0, d + 10*w - 37313 = 13*w. Is d composite?
False
Let x(a) = 25157*a + 9250. Is x(11) prime?
True
Is ((-33)/(-15) + -2)/((-3)/(21 - 945906)) prime?
True
Suppose 0 = 180*o + 117*o - 273537. Is o a prime number?
False
Suppose -6*u + 2*f = -10*u + 498672, 14 = -7*f. Is u composite?
False
Let b(j) = 31 + 34*j + 77*j + 18*j - 7*j. Is b(4) composite?
True
Let v(h) = -6*h + 8. Let f be v(1). Suppose -3*g - f*g + 20 = 0. Suppose -4*i - 3*m + 5013 = 0, g*m = 2*i - 337 - 2197. Is i a composite number?
True
Let f(k) = -k + 2962. Let q be f(0). Is (q/6 + 3)/((-8)/(-12)) a composite number?
True
Let r(i) = 4*i**2 + 468*i - 2155. Is r(-168) composite?
False
Let t(h) = h**2 + 10*h + 5. Let w(f) = 2*f**2 + 10*f + 4. Let s(z) = 3*t(z) - 2*w(z). Let n be s(10). Suppose -n*c - 498 = -9*c. Is c prime?
False
Let p = -141 - -678. Let b be (20 - 15 - 3)*466. Let l = b - p. Is l composite?
True
Let b = -72 - -69. Is ((-48)/20 - b) + (-39910)/(-25) a prime number?
True
Let w(h) be the third derivative of -h**7/560 + h**6/45 - h**5/15 + 12*h**2. Let a(v) be the third derivative of w(v). Is a(-9) prime?
True
Let b(n) = n**2 - 12*n - 44. Let w be b(15). Is 28/49 + 108978/21 + w a composite number?
True
Suppose -15*c + 19*c = -48. Let y be 0*(40/c + 3). Suppose 6*d - 2*d - 676 = y. Is d composite?
True
Let j = -7 + 14. Suppose -4*i - 327 + 371 = 0. Suppose -i*s = -j*s - 212. Is s a composite number?
False
Let j = 8284 - 3585. Is j prime?
False
Suppose 6 + 0 = 2*q. Let n = 14547 - 9454. Suppose -n = -q*j - 950. Is j composite?
False
Let u = -36 + 57. Let i be (-56)/u*(-15)/2. Let b(c) = -c**3 + 22*c**2 - 27*c - 11. Is b(i) composite?
True
Let p(i) = -17*i**3 + 9 + 7*i - 3*i**2 - 10*i**3 + i**3. Suppose -4*f - 5*d = -2*f + 28, 3*d = 3*f. Is p(f) a prime number?
True
Let b = 2877 + 102. Is (b/36)/((-1)/(-28)) composite?
True
Suppose 4*l - 15 + 3 = 0. Suppose 5*h - 56 = -2*j, 3*j + 0*j + 42 = l*h. Is h/(-66) - (-316)/44 composite?
False
Let i(h) = 799*h + 16. Let p be i(11). Suppose -2*g + p = 1283. Is g prime?
True
Let m(f) = 3135*f**3 - 6*f**2 - 21*f + 61. Is m(3) prime?
True
Suppose 0 = -552*a + 557*a - 9660788 + 1183503. Is a a composite number?
False
Let t(u) be the second derivative of 26*u**3 + 5*u**2/2 + 2*u + 28. Is t(11) prime?
True
Suppose -2398163 = -6*x - 6*x + 82225. Is x a composite number?
False
Let g = 284645 - -45626. Is g a composite number?
False
Suppose -2*c - 14 = 4. Let f(m) = 11*m**3 + 13*m**2 - 22*m + 26. Let k(y) = -5*y**3 - 6*y**2 + 11*y - 13. Let r(l) = c*k(l) - 4*f(l). Is r(7) prime?
False
Suppose -4*k = -3*i - 113094 + 20130, 5*i = 0. Suppose 9*b - k - 771 = 0. Suppose x + 5*t - b = 233, -2*t = 0. Is x composite?
True
Let j(s) = 6814*s + 4277. Is j(5) a composite number?
True
Let z(b) = 13*b**3 + 7*b**2 - 6*b - 25. Is z(18) composite?
False
Suppose -19*s - 98 = -5*s. Is (40/(-6) - s)*39873 prime?
True
Suppose -6*z + 10*z - 1369612 = -4*g, -2*g + z + 684806 = 0. Is g prime?
False
Let x(o) = -4*o**3 + 40*o**2 - 27*o - 812. Is x(-41) a composite number?
False
Let y(n) = -n**2 + n + 1. Let d(a) = -31*a**2 + 7*a + 17. Let v(t) = -d(t) + 6*y(t). Is v(7) a prime number?
False
Suppose -36 = -8*p + 2*p. Let m = 11 - p. Suppose -h + 784 = m*f, 2*f = -3*h + 2595 - 282. Is h a prime number?
True
Let a = 1469745 + -759086. Is a a prime number?
False
Let o be 15*2/((-1)/(1/(-6))). Suppose -1552 = -o*u + 78. Is u prime?
False
Let v = -169 + 100. Let l = v + 72. Suppose 5*f + 2794 = 4*d, l*d + 4*f = 8*d - 3497. Is d a composite number?
False
Let c = -5 + 14. Suppose 10 = -2*v, 4*v - v + c = -2*w. Suppose 3*s + 2*h = 13137, w*s = 2*s + 3*h + 4368. Is s a prime number?
False
Is (3388636/(-460))/((-22)/10 - -2)*1 a prime number?
True
Suppose 0 = 26*r - 16*r + 30130. Let n be r/6 - (33/18 - 2). Is n/4*(-3 - -2)*2 prime?
True
Suppose -6*b + b = -3*q + 74, q = -3*b - 50. Let z be (27/(-36))/(3/b). Is 4747 + -3 + -1 - z a prime number?
False
Let a = 257 - 255. Is a*(-4 - 70025/(-10)) a composite number?
False
Let q = -71239 + 133698. Is q composite?
False
Let y(h) = 12435*h - 2095. Is y(6) prime?
False
Suppose -24*z = -11*z - 581529. Let v = z - 9338. Is v composite?
True
Let y(b) = 68*b**2 + 50*b + 329. Is y(-25) prime?
True
Let y(n) = n**3 + 2*n**2 - 10*n - 2. Let q be y(-4). Let z(f) = 127*f**3 + 6*f**2 - 20*f - 19. Is z(q) prime?
True
Let g(c) = c**2 - 6*c - 16. Let q be g(8). Suppose q*t + t - 2105 = -4*p, 4*p - 3*t = 2101. Suppose p = -0*y + 2*y - 3*x, -4*y - 5*x = -1052. Is y composite?
False
Suppose 6*k + 3*n + 5 = 5*k, k - 5*n - 35 = 0. Is (-13446)/(-10) - (-4)/k composite?
True
Let t be (-2)/4*25*(-12)/15. Let x be 3620/(-25)*t/(-4). Suppose s + 0*s = -2, x = 5*k + 4*s. Is k prime?
False
Let k(s) = 61*s**2 - 10*s - 38. Let l be k(-8). Let j = -2177 + l. Is j prime?
False
Is 40512 + -18 + (-1)/4 + 104/32 a prime number?
False
Let a(j) = 203*j + 7. Let g be (-9*20/5)/(-2). Suppose 3*l - g = -12. Is a(l) a prime number?
False
Let i = -38 + 42. Is (-9 - -7)/(i/(-1726)) prime?
True
Let g = 38 + -56. Let r be g/(4/(12/3)). Let b(s) = 3*s**2 + 36*s + 17. Is b(r) composite?
True
Is (-16 - 52)/((-4)/1289) a prime number?
False
Let v be 33/(-77) - 471/(-21). Suppose s - 15 = -2*y, -6*s + y + 69 = -2*s. Is v*s - 60/(-12) prime?
True
Suppose 0 = -3*w - x + 24839, 10*w - 5*x - 16548 = 8*w. Suppose 891*i = 892*i - w. Is i prime?
False
Let l(c) = -4*c**3 - 9*c**2 - 3*c - 35. Let a(o) = 6*o + 250. Let h be a(-43). Is l(h) a composite number?
True
Suppose 192 - 204 = -2*p. Let f(k) = 171*k + 13. Is f(p) a prime number?
True
Let l = -2511 - 7680. Let x = -7054 - l. Is x a composite number?
False
Let p be (-8)/20*-3*80/(-6). Let z be 54076/26 + (p/(-26))/4. Suppose 0 = i + w - 523, -w = -4*i + w + z. Is i prime?
True
Let x(m) = m + 6145. Let j be x(0). Suppose -1870 = -5*o - j. Let n = o - -2533. Is n a composite number?
True
Let t(k) = k**2 + k - 3. Let g(y) = 12*y**2 - 20*y + 23. Let n(b) = g(b) - 4*t(b). Is n(30) a prime number?
False
Let r = 15 - 10. Suppose 3*z - 5*z + 20217 = r*q, -5*z - q + 50554 = 0. Is z composite?
False
Let y(m) = -m**2 + 16*m - 11. Let f be y(15). Suppose -4 = f*o, -o = -p - 3 + 7. Suppose p*d = 922 + 95. Is d composite?
True
Suppose 2 + 4 = 2*z. Suppose -2 = -q - a - 2*a, 3*q = -z*a + 12. Suppose q*h - 4*v = 2817, 5*h - v = -109 + 2932. Is h composite?
True
Is 2*2612 - (37 + -30 - (1 - 0)) a prime number?
False
Let a(f) = 2*f**2 + 8*f - 2. Let v be a(-4). Is 5*(v + (-23716)/(-20)) composite?
True
Suppose 0 = 60*f - 11354931 + 1239471. Is f a composite number?
True
Suppose -3*u + 15829 = -164012. Suppose -4*l + 2*t + 3*t = -u, -3*t - 44958 = -3*l. Is l a composite number?
False
Suppose 0 = 7*q + 2*q - 144. Suppose q*o - 13*o - 3009 = 0. Is o a composite number?
True
Suppose -6*k + 3*k + n - 2 = 0, 5*k + 5 = 2*n. Is 12041 + -11 + 15 + k + 3 composite?
False
Let p(v) be the second derivative of -v**5/2 - 3*v**4/4 + 7*v**3/6 - 5*v**2/2 + 43*v. Is p(-8) composite?
False
Is ((-5)/((-10)/(-4)))/((-30)/(-344010)*-2) prime?
True
Let c = -212717 - -738804. Is c composite?
False
Suppose -17*m + 14 = -10*m. Let i be (3 - (-12)/(-4))/m. Suppose 5*o - 4*k = 2443, i = -o - 10*k + 5*k + 506. Is o a prime number?
True
Let a be (-9)/(-5) + -1 + 18/15. Let d be (0 - -1257)/3 + a*1. Sup